x**3 - 19*x**2 - 3*x - 93. List the prime factors of k(15).
2, 3, 7, 17
Let f(p) = -5*p**2 - 95*p - 60. Let g(z) = z**2 + 19*z + 12. Let r(x) = 2*f(x) + 11*g(x). Let n be r(-15). What are the prime factors of 1/(1 - n/(-50))?
5
Let s be 3/9 + (-3)/(9/7). List the prime factors of s + -7*(-25)/5.
3, 11
Let y(q) = q**2 - 2*q - 7. Let a be y(3). Let p be ((-5)/a)/(7/28). Suppose -121 = -p*t + 9. What are the prime factors of t?
2, 13
Suppose -5*q - 5 = -3*m, -m + 4*q + 4 = -0*m. Suppose 4*r + 0*r - 72 = m. List the prime factors of r.
2, 3
Let b(z) = 2*z. Let a be b(-2). Suppose 0 = -2*q + 10, u + 0*u - 5*q + 19 = 0. What are the prime factors of (-93*a/u)/2?
31
Suppose 0 = 2*l + l + 57. Let s = l - -20. What are the prime factors of (s + 11)/(-4) + 29?
2, 13
Let q(b) = -b**3 - 3*b**2 + 8*b - 14. Let i be q(-5). List the prime factors of (i/(-10))/(19/2945).
2, 31
Let h = -171 - -260. Let v = h + 3. What are the prime factors of v?
2, 23
Let o = 1404 - 1587. Suppose 4*x = -4*f - 412, -452 = 3*f - 3*x - 125. Let w = f - o. List the prime factors of w.
7, 11
Let u = -14 + 12. Let o(d) = d**3 - 2*d. Let h(i) = -3*i**3 + 6*i. Let s(j) = u*h(j) - 7*o(j). List the prime factors of s(-2).
2
Let l = -10 + 0. Let m = -14 - l. Let n = m - -31. What are the prime factors of n?
3
Suppose 0 = -3*d + d - 10, -q - 9 = 4*d. Suppose 0 = 5*v - n - 77, -v - n = -3*n - 19. Let y = v - q. List the prime factors of y.
2
Let x = 473 + -198. What are the prime factors of x?
5, 11
Suppose -38*j + 35*j + 6921 = -3*w, j - 3*w - 2313 = 0. List the prime factors of j.
2, 3
Suppose b + 2*o - 8 + 0 = 0, -o = -5*b + 29. Suppose -u + 65 = -b*h + 2*h, 5*u - 367 = -h. What are the prime factors of u?
73
List the prime factors of (-620)/(-1) + (14 + -9 - -1).
2, 313
Let m = 3634 - 1883. List the prime factors of m.
17, 103
What are the prime factors of 8/(1 + 7)*(-1 - -150)?
149
Suppose -4*v - 42*y + 43*y = 224, -2*v = 4*y + 112. Let w = 55 - 168. Let m = v - w. What are the prime factors of m?
3, 19
Suppose 0 = -2*q + 67 + 1. Suppose -y + 13 = -q. Suppose 2*h - 3*h = -y. List the prime factors of h.
47
Let b(a) = 14*a**2 + 10*a - 93. List the prime factors of b(17).
7, 19, 31
Let d = -14 - -22. Suppose 3*o + d = -4. List the prime factors of (o/(-12))/(3/117).
13
Suppose 0 = -5*r + z + 4189, z - 3336 = -4*r - 2*z. What are the prime factors of r?
3, 31
Let u(v) = 5*v**3 + 5*v - 5. What are the prime factors of u(4)?
5, 67
Suppose -4*w + 15 = 3*a, -a + 5*w - 15 = -4*a. Suppose q - 11 = -q - 3*l, 0 = 3*q + 2*l - 4. List the prime factors of (-1692)/(-30) + q/a.
2, 7
Let j be 0/(5 - (1 - -3)). Let q(x) = 2*x**2 - 2*x - 78. Let g(u) = -u**2 + u + 39. Let f(k) = -5*g(k) - 3*q(k). List the prime factors of f(j).
3, 13
Let f(z) = 26*z**3 + 6*z**2 + 4*z + 4. Let j be f(-2). Let q = 345 + j. List the prime factors of q.
157
Suppose 3*x = -11*z + 6*z + 35, -2*x + 2*z = -34. Let k be (0 - (-58)/2) + 1. Let n = k - x. List the prime factors of n.
3, 5
Let a = -75 - -75. List the prime factors of (a - 2) + 146 + -3.
3, 47
Let g(b) = b**2 - b + 64. Suppose 0*k = 2*k. What are the prime factors of g(k)?
2
Let b = -3 - -8. Suppose -b*p = 3*t - 4*t + 50, 0 = -4*t - p + 116. What are the prime factors of t?
2, 3, 5
Suppose -4*m + 3*m + 29 = 0. Suppose -4*l = -83 - m. Suppose 0 = -2*u + s + l, -3*s - 3 + 59 = 4*u. List the prime factors of u.
2, 7
Suppose 7*t = 10881 + 9545. List the prime factors of t.
2, 1459
Let h(o) = 10*o - 11. Let k(r) = 29*r - 33. Let i(f) = 11*h(f) - 4*k(f). What are the prime factors of i(-8)?
59
Let d(y) = 29*y**2 - 16*y + 31. List the prime factors of d(-9).
2, 631
Suppose -3*f - 2*f = 2*r - 107, -3*f + 85 = -4*r. Suppose -f - 61 = -j. What are the prime factors of j?
2, 3, 7
Let u(l) = 185*l**2 - 2*l - 10. What are the prime factors of u(-2)?
2, 367
Let y = -39 + 41. Suppose -50 = y*s - 154. List the prime factors of s.
2, 13
Suppose 27*o - 12406 - 9653 = 0. List the prime factors of o.
19, 43
Suppose 4*x = -2*m + 12444, 110*m - x = 112*m - 12453. What are the prime factors of m?
2, 3, 173
Let d = 679 - 518. List the prime factors of d.
7, 23
Suppose 38*s - 22127 = 9*s. List the prime factors of s.
7, 109
Let l(q) = q**3 + 5*q**2 + 3*q - 3. Suppose f - a = -1 - 2, 0 = f + 5*a + 3. Let c be l(f). Suppose c*s - 240 = s. List the prime factors of s.
2, 3
Let w(a) = a**3 - 5*a**2 + a + 1. Let m be w(4). Let g = m + 14. Suppose -2*c + 14 = 4*t, g*t - c = c + 21. What are the prime factors of t?
5
Let u(b) = -309*b - 27. Let l(a) = -103*a - 9. Let z(v) = 11*l(v) - 4*u(v). What are the prime factors of z(2)?
5, 43
Suppose -c = -5*k - 149, 2*k - 3*k = 5*c - 641. What are the prime factors of c?
3, 43
Let l be 3/(-12) - 108/16. Let t(x) = 4*x + 1. Let p be t(l). List the prime factors of 4 - p - (-6 + 3).
2, 17
Let k = 802 + 881. Suppose -6*g - 3*g = -k. List the prime factors of g.
11, 17
Let s(n) = n**3 - 8*n**2 + 17*n + 7. List the prime factors of s(10).
13, 29
Suppose 4*m - 7*m = -27. Let z be (-7)/(-3) - 3/m. Suppose -3*q = 3*a + a - 19, -2*a = -z*q - 20. List the prime factors of a.
7
Let n(t) = 8*t - 7. Let p = 15 + -10. Suppose -p*m = -16 - 14. List the prime factors of n(m).
41
Suppose 5*r + 1 - 8 = 4*b, 0 = 3*r + 3. List the prime factors of 61/4 + b/(-4).
2
List the prime factors of 1183/(-133) + 9 - 15498/(-57).
2, 17
Suppose 170*w - 15170 = 160*w. What are the prime factors of w?
37, 41
Let o(q) = -28*q**2 - 9*q + q + 23*q**2 - q**3 - 4. Let y be o(-3). What are the prime factors of y/((-774)/195 + 4)?
5, 13
Let l(r) = -13*r**3 + 11 + 0*r**2 + 11*r**2 + 15*r + 14*r**3. What are the prime factors of l(-9)?
2, 19
List the prime factors of ((-17296)/64)/(-2*(-3)/(-24)).
23, 47
Suppose 10 = f - 2*p + 3, -f + 17 = 3*p. Suppose -5*j + f = 1. Let x(g) = 21*g + 2. List the prime factors of x(j).
2, 11
Suppose f + 0*n - 4*n = 14, -2*f - 5*n = -41. Suppose 38 = s - f. What are the prime factors of s?
2, 7
Let a(t) = t**3 - 15*t**2 + 2*t - 13. Let u be a(15). Suppose d + u = -32. What are the prime factors of 1 + -4 + (2 - d)?
2, 3
Let c be (0 - -4) + -1 + 49. Suppose 12*j = 8*j + c. What are the prime factors of j?
13
Suppose 0 = -5*w - 37 + 72. Suppose -w*m - 5*m = -408. What are the prime factors of m?
2, 17
Let n(x) = -x**3 - x**2 + 6*x + 2. Let q be n(5). Let a = 177 + q. What are the prime factors of a?
59
Let w = -1096 + 2134. List the prime factors of (-2 + 1)/((-6)/w).
173
Let a(r) = -2*r. Let d be a(-2). Suppose -3*n = -d*n + 4. Suppose -n*u - 45 = -g, -4*g = 3*u - 0*u - 161. What are the prime factors of g?
41
Suppose -6*f + f + 5 = 0. List the prime factors of f + 7 + -3 + 13.
2, 3
Let r be 0/5 + 2 - -1. Suppose -3*h = 5*x - 139, 0 = -4*h - r*x + 121 + 46. List the prime factors of h.
2, 19
Let c(r) = 11*r**3 + r**2 - r + 1. Let p be c(1). Let g(h) be the first derivative of -h**4/4 + 4*h**3 + h**2 - 17*h + 2. What are the prime factors of g(p)?
7
Let m(h) = 2*h**2 + 59*h + 29. What are the prime factors of m(-50)?
3, 7, 11
Let w = 807 - 469. Suppose -s - w = -q, q + 2*s - 59 = 276. What are the prime factors of q?
337
Suppose -5*q = -3*n + 1503, 10*q + 9 = 7*q. List the prime factors of n.
2, 31
Let a(y) = y**2 - 38*y + 459. List the prime factors of a(33).
2, 3, 7
Let q(d) = d**2 - 3*d - 8. Let o be q(-3). Let c = -8 + o. Suppose -4*z - 4*b = -76, 90 + 4 = 4*z - c*b. What are the prime factors of z?
2, 11
Suppose -z - 2 + 0 = 0. Let q be 0 + 1 + z + -70. Let x = -50 - q. What are the prime factors of x?
3, 7
Suppose 38*q = 12*q + 27300. What are the prime factors of q?
2, 3, 5, 7
Let f = 1579 + 2579. What are the prime factors of f?
2, 3, 7, 11
Suppose -4*m + 3690 = -5*v, -4*v = m + 568 - 1480. What are the prime factors of m?
2, 5, 23
Suppose -110*d + 109*d + 2 = 0. Suppose d*b - 333 = -2*b - h, 247 = 3*b - 2*h. List the prime factors of b.
83
List the prime factors of -1*(-2)/20 - 3028509/(-810).
3739
Let h(n) = n**2 + n - 1. Let u(j) = -j**3 - 6*j**2 - 4*j + 5. Let c(y) = 4*h(y) + u(y). Let i be c(-1). Let m = i + 10. List the prime factors of m.
2, 5
Suppose -o + z + 0 + 2 = 0, 0 = -3*o + 2*z + 10. Suppose o*c + 115 = 11*c. List the prime factors of c.
23
Let y = 4897 - 2670. What are the prime factors of y?
17, 131
Suppose -g + 4*f = -10, 0*f + 50 = 5*g